537. Suppose 18*o - d = 5*o. Is o prime?
False
Let g be (54/(-4))/((-4)/16). Let a = g + -51. Suppose a*i - 1549 = 686. Is i composite?
True
Suppose -29*p = -125*p - 16*p + 4769744. Is p composite?
True
Let f(c) = -1197*c - 1504. Is f(-55) a composite number?
True
Suppose 0 = -f - 2*v - v - 13, 0 = 4*f + 3*v + 7. Let n be -8 - (0/(-1))/f. Is (-2)/(1*4/n) composite?
True
Suppose t - 165316 = 38*t. Let d = 177 - t. Is d composite?
True
Let c(m) = m**3 - 14*m**2 + 43*m - 5. Let g be c(4). Is (g - 8)*(3 - 4 - 2452) a composite number?
True
Let k(r) = 2999*r**2 + 165*r - 1189. Is k(7) a composite number?
False
Let u be 2*(-7 + 1)*(-2)/(-4). Is 15323 - ((-9)/u + (-5)/(-10)) composite?
True
Let g = 1234 - -179637. Is g prime?
True
Let x(r) = 2315*r**2 - 4*r - 31. Let c be x(-3). Suppose -8*k = -c - 21960. Is k a composite number?
False
Suppose -3*g - 21 = -5*f, -7*f + 2*g + 10 = -5*f. Suppose 5*v - 2802 = -f*u + 620, 4*u + 4 = 0. Is v composite?
True
Suppose 0 = -11*z - 55*z + 25294962. Is z a prime number?
False
Suppose -p + 0*p = -4, 0 = -c + 4*p - 15. Let m be 76/c*-46*1/(-8). Suppose h + b - m = -2*b, -2*h = 3*b - 886. Is h a prime number?
True
Let q(f) = 2065*f**2 - 38*f - 122. Is q(-3) prime?
False
Let k(o) be the second derivative of o**5/20 + o**4/2 - o**3/6 - o**2 - 10*o. Let h be k(-6). Suppose 16 = -h*p, -3*p + 2897 = 4*r + 577. Is r prime?
False
Suppose -14*c = -2*c + 2*c - 921242. Is c a composite number?
True
Let x = 13866 - 887. Is x a prime number?
True
Let g(u) = -10*u**2 - 8*u + 13. Let d be g(6). Let t be 1/(2/(1 + d)). Let b = -18 - t. Is b composite?
False
Is 28408 + -12 + (-11 - -9) a prime number?
False
Let p = -15243 + 10180. Let j = p + 8452. Is j composite?
False
Let b(v) = 146 - 3*v + v**2 + 23*v - 298 + 142. Is b(-29) prime?
True
Let z be -2 - ((-3)/(-6))/((-2)/244). Let n = 62 - z. Suppose 147 = r + 2*s, 2*r = -0*r + n*s + 280. Is r a prime number?
False
Suppose -a - 17824 = 5*h, -3*a + 2*h - 5946 = 47594. Let k = -12373 - a. Is k a composite number?
False
Let x(k) = -k**3 + 27*k**2 - 70*k - 55. Let v be x(24). Let o(y) = -2*y**3 - 4*y**2 + 7*y + 4. Is o(v) a prime number?
False
Let c(q) = -1111*q**3 + 5*q**2 - 2*q. Let h be c(5). Let s = 203607 + h. Is s prime?
False
Is ((-2)/2)/((-73)/5905481) prime?
True
Suppose 0 = 2*m + 5*k - 2254513, 3288192 = 3*m + 3*k - 93564. Is m prime?
True
Let k(x) = 26*x**2 + 136*x + 349. Is k(-65) composite?
False
Suppose 24*r = 19*r - 20. Let v be ((-10)/r - 0)*(10 - 8). Suppose v*a = 981 - 26. Is a composite?
False
Let a be (50 - (-1 + 2)) + 1 + 0. Suppose -44*t = -a*t + 3786. Is t composite?
False
Let l = -237 + 237. Suppose l = -10*z + 1328 + 902. Is z composite?
False
Let t be 17 + -1*(-2)/1. Suppose 0 = -t*j + 6*j + 38207. Is j prime?
True
Suppose 2*d = -3*d + 20. Let r(h) = 17*h**3 - 2*h**2 + 2*h + 9. Is r(d) composite?
True
Let n be 3/(66/4) + 2/(-11). Suppose -j - 2*j + n*j = 0. Suppose -4*m - 2573 + 7041 = j. Is m a composite number?
False
Let x = 181481 - 6640. Is x a prime number?
False
Let q = 432 + -371. Suppose -q*b = -58*b - 6861. Is b a composite number?
False
Let h = 15004 - -1975. Is h a composite number?
False
Suppose 15 = f + 2*d, 3*f + 2*d - 60 = -f. Let t be ((-8005)/f + -4)*-3. Suppose -4*s + 2*v = -3837 - t, v - 1358 = -s. Is s a prime number?
True
Let v(t) = 2*t**2 - t - 14. Let w(u) = -u**3 - 9*u**2 + 4. Let a be (18*(3 + -4))/(1 + 1). Let j be w(a). Is v(j) a composite number?
True
Let u = -178365 + 268656. Is u a prime number?
False
Let t(a) = -36977*a - 146. Is t(-3) prime?
False
Let m(v) = v**3 - v**2 + v + 4. Let z be m(0). Suppose 2*s - z = -0*s. Suppose -8*p = -s*p - 738. Is p a prime number?
False
Let o = -1735 + 1546. Let p(v) = -122*v - 9. Let x be p(7). Let u = o - x. Is u a composite number?
True
Let z = 9437 - 5097. Suppose -2*n + 0*n - z = 0. Is ((-135)/(-10))/(-9) + n/(-4) a prime number?
True
Let j(c) = -c**2 + 7*c + 30. Let v be j(-3). Suppose v = -5*t + 29149 - 5634. Is t a composite number?
False
Let u be (9/(-12))/((-20)/(-32) - 1). Suppose 0 = -0*k - k - u*o + 2561, -3*k + o + 7711 = 0. Is k prime?
False
Let p(z) = 325*z**3 + 7*z**2 - 12*z + 21. Let b(x) = 217*x**3 + 5*x**2 - 8*x + 14. Let t(q) = 8*b(q) - 5*p(q). Is t(2) a composite number?
False
Suppose 0 = -8*b + 27*b - 152. Is (-2114)/(-4)*b*5/20 a composite number?
True
Let d = 2587 - 1513. Suppose a - d = -0*b + 4*b, 0 = -5*a - 5*b + 5370. Suppose -2*c = -4*c + a. Is c a composite number?
True
Suppose 853*o = 850*o + 15. Let j(d) = 1052*d**2 + d + 4. Is j(o) composite?
False
Let x(p) = -2*p**3 + 12*p**2 + 17*p - 22. Suppose -9*b - 176 = 2*b. Let t be x(b). Suppose 11*j = j + t. Is j prime?
True
Suppose -3337897 = -6*q + 1706915 + 3201864. Is q a composite number?
True
Is 1 + ((87984/(-64))/3)/(3/(-88)) prime?
False
Let d = 134 + -6. Suppose -7*h + d = -7600. Let u = 367 + h. Is u a composite number?
False
Suppose 3*s + z - 14 = 0, -4*s - 3*z = -3*s - 18. Suppose 3*u - 2*m - 31 = 0, 0 = 2*u - s*m + 1 - 20. Is (u/22)/(2/1964) composite?
False
Let q be (-2)/5*150/(-60). Is 1/(0 + q) - 250116/(-38) a prime number?
False
Suppose -19*i + 475910 + 220163 = -303840. Is i a composite number?
False
Let r be (-4)/6 + 272/12 + 3. Suppose -r*a = -22*a - 24. Suppose 6*x + 4318 = a*x. Is x a composite number?
True
Let d(o) = -253*o + 5. Let z be d(-4). Let k = 1721 + z. Suppose 934 - k = -4*w. Is w a prime number?
False
Let k be 306/81 - 4/(-18). Let o be (((-24)/(-9))/k)/(6/18). Suppose m - 2007 = -o*m + 3*v, -2672 = -4*m + 5*v. Is m prime?
True
Let l(z) = 13*z**3 + z**2 + 9*z + 3. Let c be l(7). Let u be (-6)/15 + 82/(-5)*-1. Suppose u*k - c = 14*k. Is k composite?
False
Suppose 101*z - 110*z + 15730 + 196049 = 0. Is z a prime number?
True
Suppose -4*o + 36 = 0, -s - 174*o = -172*o - 198591. Is s a prime number?
False
Let w(u) = 19*u**2 - 36*u - 51. Suppose -2*y - 60 = -4*y + 4*a, 4*y - 84 = -a. Is w(y) prime?
True
Is 1*(3347454/11 + -3 + 8) a composite number?
True
Suppose 5*i + 30 = 0, 4*i + 32 = 7*m - 5*m. Suppose k - 2*k + 2 = -3*u, -3*k = 3*u - 6. Suppose 4*p + p = m*t - 3294, -k*t + 1646 = -2*p. Is t prime?
True
Let u(k) = 6194*k + 733. Is u(35) a prime number?
False
Is (104035602/2090)/(3/5) composite?
False
Suppose l - 14 + 8 = 0. Let d be -5 + l*(-154)/(-3). Let y = -214 + d. Is y composite?
False
Suppose -8*g + 4856 = -10*g. Let h = g + 5007. Is h prime?
True
Suppose -16 = 4*d, 4*d + 608519 = 5*r + 92058. Is r composite?
False
Suppose 3*s = -187 + 580. Suppose 3*a + 21 = 3*n, 0*a = 2*n + a + 1. Suppose n*z = 95 + s. Is z composite?
False
Is (3 + 1)/(896/425824) a prime number?
True
Let j be (-21)/3 + -16532 + 3. Let d = j - -27407. Is d composite?
True
Suppose 12 = -2*u - 6. Let n(w) = -7*w**3 - 11*w**2 - 12*w - 49. Is n(u) a prime number?
True
Let c be (3 - (-6)/(-2)) + 5. Suppose -c - 1 = 3*i. Is (-8346)/(-10) + (i - (-24)/10) composite?
True
Let v(r) = 2*r**2 - 9*r + 1. Let s = -66 + 70. Let x be v(s). Is (885/6 + -1)/(x/(-6)) a composite number?
False
Is (-77)/((-1463)/84132) + (1 + 1 - 9) prime?
True
Suppose 14*n - 3*c + 16 = 15*n, -3*n + 24 = -3*c. Let t(b) = 7*b**2 - 10*b + 6. Let f(s) = -6*s**2 + 9*s - 7. Let u(m) = -3*f(m) - 2*t(m). Is u(n) prime?
False
Suppose 4*o + 0*o + 13646 = -2*d, -d - 6835 = -2*o. Let u = d - -11815. Suppose -u = -5*v + 20299. Is v composite?
True
Is 348110 + (-24)/4 + 4 + (-1)/(-1) prime?
False
Let z be (-5245)/(-5) + 3 + -9. Let n = 6210 + z. Is n composite?
False
Let j(g) = -9 + 2*g**2 + 9902*g**3 + 8 - 3*g + 1. Is j(1) prime?
True
Suppose 0 = 2*t + 4*a - 236634, t + 1507*a = 1508*a + 118302. Is t a prime number?
False
Suppose 2*h - 688513 = -51718 + 478427. Is h a composite number?
False
Let r(t) = 920*t**2 - 120*t - 3. Is r(-13) a composite number?
False
Is 6/8 - ((-7429065)/84 - 17) prime?
False
Is 30176022/42 - ((-86)/7 + 12) prime?
False
Suppose 0 = -2*q + k - 5, -4*q - 25 = -2*k - 3*k. Suppose 2*i - 68 = w, q*w + i + 329 = -5*w. Let m = 905 + w. Is m a composite number?
False
Suppose -3*g = 3*g - 42. Let s(a) = -g + 8 - 1409*a**3 - a**2 + 5*a - 5*a. Is s(-1) composite?
False
Suppose 6*l = 16*l - 300. Suppose 0 = -l*i + 33*i. Suppose i = -4*k - 2*k + 786. Is k composite?
False
Let y = -5960 + 13708. Let o = -901 + y. Is o a composite number?
True
